 + 224. Calculate the remainder when 7132 is divided by t.
85
Let l(r) = r**3 + 2*r**2 - 17*r - 1. Let v be l(-6). Let q = -24 - v. Calculate the remainder when 48 is divided by q.
10
Suppose 5*n = -5*q + 1235, 4*n = 3*q + q + 996. Let z = n + -222. Calculate the remainder when 127 is divided by z.
23
Suppose -21*j + 6200 = -25*j. What is the remainder when (-1)/(-6) - 12/(720/j) is divided by 25?
1
Suppose -32*o + 231 = -21*o. What is the remainder when 34 is divided by o?
13
Suppose 3*h - 2800 + 1258 = 5433. Calculate the remainder when h is divided by 13.
11
Let h(d) = -2*d - 32. Let w be h(-16). Let c(i) = -i**3 + 2*i**2 - i + 13. Calculate the remainder when (-663)/(-18) + (-1)/(-6) is divided by c(w).
11
What is the remainder when ((-1)/(-3))/((-7)/(-1953)) is divided by 15/9*1512/210?
9
Let j(c) = c**2 - 2*c - 1235. What is the remainder when j(37) is divided by 2 - (1 + 1) - -13?
8
Let y(f) = -f**3 - 5*f**2 + 8*f + 14. Let a be y(-6). Suppose -8*t + 9*t - 68 = 3*m, a*m + 225 = 3*t. What is the remainder when t is divided by 10?
7
Suppose 20 + 67 = -5*b - 3*l, -3*l + 3 = 0. Let n = 72 + b. Calculate the remainder when n is divided by (42/(-4))/((-6)/16).
26
Suppose -47*c + 6090 = -67. What is the remainder when 1253 is divided by c?
74
Suppose -2*j = 3*p - j - 2, 4 = -4*p + 2*j. Let h be (p/(-2))/(-19 + 21). Suppose h = 5*v + 5 - 30. What is the remainder when v is divided by 2?
1
Let j be 1 - (-1 - -2) - -3. What is the remainder when 27 + 6 - j*1 is divided by 3?
0
Let y(m) = 23*m**2 + 5 - m**3 + 40*m + 27*m**2 - 33*m**2. Let t be y(19). Suppose -101 = -6*c + t. Calculate the remainder when 67 is divided by c.
19
Let s(f) = -f**3 - 36*f**2 + f + 125. Let a(i) = -i**2 - 15*i - 23. What is the remainder when s(-36) is divided by a(-10)?
8
Suppose 0*d - 6302 = -23*d. Suppose -8*z + 346 = 5*u - 6*z, 4*u = -3*z + d. What is the remainder when u is divided by 24?
22
Suppose -130*o + 27*o = -12566. Calculate the remainder when 993 is divided by o.
17
Suppose -5*g + 2*g - 3*r = -654, -5*g + 1034 = -2*r. Calculate the remainder when 17846 is divided by g.
206
Suppose -75 = -4*o + 8*i - 13*i, 3*i - 84 = -5*o. Suppose 3*q + 3 - 6 = 0. What is the remainder when q + (-4)/(-2) + 161 is divided by o?
14
Let d = -13785 + 13820. Calculate the remainder when 1302 is divided by d.
7
Let z = 1552 - 1454. Calculate the remainder when 180 is divided by z.
82
Let z(l) = -340*l + 3083. Calculate the remainder when 222 is divided by z(9).
15
Let t = 3 + 24. Let l(u) = 2*u**2 - 102*u + 501. Calculate the remainder when l(48) is divided by t.
24
Suppose 7*m = -3*m + 490. Let j(g) = 2*g**2 - 6*g + 2. Let p be j(4). Let b = 23 - p. What is the remainder when m is divided by b?
10
Let b = 4026 - 3862. What is the remainder when 503 is divided by b?
11
Suppose 4*c - 32 = -4. Suppose 2*x + l - 55 = 0, 3*x + 4*l - 30 - 55 = 0. What is the remainder when 12/(-54) - (-303)/x is divided by c?
4
Let h(p) = p - 1. Let n(m) = -m - 31. Let i(o) = 2*h(o) - n(o). Let s(j) = 3*j + 16. Let f be s(-8). Calculate the remainder when 13 is divided by i(f).
3
Suppose 31*c = -5 + 2609. Suppose -6*f + 90 = -c. What is the remainder when 492 is divided by f?
28
Suppose 292 = 25*a - 183. Let y(u) = 1 + 75*u**2 + 61*u**2 - 23*u**2 + 2*u. Calculate the remainder when y(-1) is divided by a.
17
Suppose -3*r = -62 - 16. Let t(s) = -446*s + 6 - s**2 + 468*s + r. Calculate the remainder when t(18) is divided by 21.
20
Let s = -42847 - -45252. What is the remainder when s is divided by 56?
53
Suppose 0 = j - 4*c - 40, 101*j + 99 = 104*j - 5*c. What is the remainder when 864 is divided by j?
24
Let p(k) = -k + 9. Suppose -5*w + 5*i + 705 = 0, -3*w + i = -0*i - 415. Suppose 2*q = w - 33. Calculate the remainder when q is divided by p(-9).
16
Let g = 77 - -34. Let r be -3 - 290*30/(-20). Suppose 7*k - r = -299. What is the remainder when g is divided by k?
16
Suppose -4*j + 48 = -52. Suppose -g + 3*h = -309, -66*h + 61*h - 20 = 0. Calculate the remainder when g is divided by j.
22
Let c = -14582 + 14930. What is the remainder when 2086 is divided by c?
346
Let l = 4174 + -4071. Calculate the remainder when l is divided by 43.
17
Suppose -25*p = -18*p. Suppose -18*w + 4*w + 434 = p. Let u = 359 - 237. Calculate the remainder when u is divided by w.
29
Let b = 130454 + -130279. Let h = 36 + -14. What is the remainder when b is divided by h?
21
Let s = -133 - -145. Suppose 3*n = s - 0. What is the remainder when (n + -5)*22*-4 is divided by 9?
7
Let m be 2*(-255)/(-20)*48/9. Let r = 315 - m. What is the remainder when r is divided by 20?
19
Calculate the remainder when 3232 is divided by 15/(-60)*(-51 - 1).
8
Let n = 709 - 695. Calculate the remainder when 3397 is divided by n.
9
Let v(u) = 41*u + 759. Calculate the remainder when v(18) is divided by 25.
22
Let f be (-3)/(-6)*(-1 - -3). Suppose -176 - 85 = -9*y. What is the remainder when f - (249/(-3) + -2) is divided by y?
28
Let s(q) = -q**3 + 19*q**2 - 12*q - 43. Let c be s(18). Suppose 6*w - c = -23. Let g = 30 - w. What is the remainder when g is divided by 4?
3
Let v = -158 + 200. Let b = 932 - 598. Calculate the remainder when b is divided by v.
40
Suppose 0 = -2*w + 2. Let p be 2/((1/(-14))/w). What is the remainder when p/(-35) + 543/15 is divided by 19?
18
Suppose -2*l - 13 = -7. Let w be (8/20)/(l/(-30)). Suppose -107 = -w*c + 49. Calculate the remainder when 153 is divided by c.
36
Let y = 6817 + -6669. What is the remainder when y is divided by 38?
34
Let n(a) = -a**3 + 32*a**2 + 99*a - 2013. Calculate the remainder when n(30) is divided by 918.
3
Let d(v) = -2*v + 35. Let i(b) = -b. Let x(z) = -d(z) + 6*i(z). Let l be x(-10). Suppose -l*t = -50 - 25. Calculate the remainder when 42 is divided by t.
12
Let d = -6 - -23. Let q = 46 - 48. What is the remainder when 3193/124 - q/8 is divided by d?
9
Suppose -3*g = -d + 123, 0 = -7*d + 8*d + 2*g - 113. Suppose 3*s + 3*q + 0*q - d = 0, 0 = 4*s - 5*q - 147. What is the remainder when 75 is divided by s?
37
Suppose 7618*d - 8757 = 7597*d. Calculate the remainder when d is divided by 116.
69
Let f(q) = q**3 - 22*q**2 + 11*q + 62. Suppose -2*u - 2 = 0, 8*c + 4*u = 3*c + 106. What is the remainder when f(c) is divided by 18?
16
Suppose 10*q - 151 = -119 + 368. What is the remainder when 718 is divided by q?
38
Suppose -g = 2 - 17. Let a = g - 13. Suppose -5*y + 189 = 3*q, q - y - 171 = -a*q. What is the remainder when q is divided by 30?
28
Suppose 79 = -k + 5*l - 4*l, 0 = k + 4*l + 69. Let v = 79 + k. Suppose -q + 0*y + 2 = -v*y, 3*q + 4*y = 26. What is the remainder when 25 is divided by q?
1
Suppose 13*b + 0*b - 9009 = 0. Suppose -4*s + 2*a + b = -1451, -3*a = 2*s - 1056. What is the remainder when s is divided by 107?
106
Suppose 4*j - 87 = -5*o - 12, -3 = 3*o. Let y(s) = 54*s + 21. Calculate the remainder when y(1) is divided by j.
15
Suppose 2801*r + 5*y - 183 = 2798*r, 3*y - 222 = -4*r. What is the remainder when (0 + -1)*-45*9 is divided by r?
48
Let r = 23538 + -23347. What is the remainder when 4200 is divided by r?
189
Let t(h) = -5*h - 185. Let z be t(-38). What is the remainder when (-40)/(-16) - z/(-2) is divided by 4?
1
Let v = 6536 + -6145. What is the remainder when v is divided by 77?
6
Suppose -7*r - 36 = -9*r + 2*c, 6*c = -2*r + 92. What is the remainder when 1254 is divided by r?
4
Suppose 4*g + p = 7*g - 7092, 2372 = g - 3*p. What is the remainder when g is divided by 777?
32
Calculate the remainder when -10 + 1 + 18 - -143 is divided by 40.
32
Let i be 8/(-6)*9*(-8)/(-6). Let q be (i/(-4) - 2)/(-1). Calculate the remainder when 134 is divided by (q/3)/(2/(-81)).
26
Suppose 2*x = 6, 2*f + 4*x - 516 = 6*f. Let w = 166 + f. Let l = 56 - w. What is the remainder when l is divided by 6?
4
Let v be 2/6*-1 + 80/15. Suppose 52 + 18 = v*o. What is the remainder when o is divided by 5?
4
Suppose -7692*g + 7560 = -7636*g. What is the remainder when 2281 is divided by g?
121
Suppose -2*t + 21 = -t. Let x = -973 + 984. Calculate the remainder when t is divided by x.
10
Let a(q) = 44*q - 168. Suppose 0*c + 5*u = 3*c + 13, -2*c + 28 = 4*u. Suppose -28 = 2*l - c*l. Calculate the remainder when a(6) is divided by l.
12
Suppose 486*y - 477*y = 152532. Calculate the remainder when y is 